1020
In base 13, what is 44 - 88909b?
-889057
In base 5, what is 10222340042 - -3?
10222340100
In base 11, what is 3 - -15347584?
15347587
In base 10, what is -804 + 476267?
475463
In base 14, what is -d + -16229b?
-1622aa
In base 11, what is -6a994 - 1a?
-6aa03
In base 8, what is 143366 - 146?
143220
In base 8, what is -212167166 - -17?
-212167147
In base 13, what is -c7a5199 - -1?
-c7a5198
In base 10, what is -9 + 1357907?
1357898
In base 5, what is -30214 - -42234?
12020
In base 8, what is 32133025 - -5?
32133032
In base 2, what is 111 - -1111000010111110101?
1111000010111111100
In base 4, what is 0 - 21021011320?
-21021011320
In base 6, what is -103 - -3244353?
3244250
In base 9, what is 5 + -472445?
-472440
In base 10, what is 4 - 432639?
-432635
In base 2, what is 1110100011000000 - 11001011?
1110011111110101
In base 5, what is -20 + -3422123233?
-3422123303
In base 9, what is 3723 - 37043?
-33220
In base 6, what is -20523 + -35234?
-100201
In base 8, what is -1575377266 - 5?
-1575377273
In base 12, what is 199778 + -171?
199607
In base 9, what is -1466 - 587704?
-600271
In base 13, what is -11 - 4852869?
-485287a
In base 11, what is -68355 - -4267?
-64099
In base 16, what is 3 - 34bbc7?
-34bbc4
In base 11, what is 77728 - a0?
77638
In base 8, what is 127 + 312445?
312574
In base 6, what is -111245154 + -5?
-111245203
In base 10, what is -2 + 5018155?
5018153
In base 11, what is 225 + 7a5a7a?
7a61a4
In base 14, what is -a7c7 + -169?
-a952
In base 3, what is 20020 - 10202021112?
-10202001022
In base 16, what is 2c000a + -5?
2c0005
In base 15, what is -a9d16a4 - 4?
-a9d16a8
In base 3, what is 2 + 1020001020100220111?
1020001020100220120
In base 9, what is -12376225 - 12?
-12376237
In base 15, what is -3311674 + -3?
-3311677
In base 10, what is 7383419 - 5?
7383414
In base 8, what is 45103766 - -34?
45104022
In base 8, what is 1 + -50164064?
-50164063
In base 5, what is -13321331 + 31?
-13321300
In base 16, what is 211 + -a6550?
-a633f
In base 9, what is 1504232 - 51?
1504171
In base 9, what is 3 - -147275248?
147275252
In base 7, what is -50 - 206533?
-206613
In base 4, what is 3233 - 2233022?
-2223123
In base 4, what is 33003 - 322003?
-223000
In base 7, what is 2126 - -520246?
522405
In base 3, what is -112100001 + -2002222?
-121110000
In base 11, what is 3 + -487343?
-487340
In base 8, what is 5 - 10257104?
-10257077
In base 2, what is -11110001 - -11110110111001000110?
11110110110101010101
In base 2, what is 111011 - -11001110011110111?
11001110100110010
In base 6, what is -331040540 - 12?
-331040552
In base 2, what is 1110010000101001011 + -1000110111?
1110001111100010100
In base 8, what is -1010514 - 4?
-1010520
In base 11, what is -3682 - 1493?
-5065
In base 14, what is 21ad2d9 - -3?
21ad2dc
In base 9, what is -34430815 - 7?
-34430823
In base 13, what is -29a58 + 124?
-29934
In base 7, what is 3360 + -15356?
-11666
In base 6, what is 105 + 555004440?
555004545
In base 8, what is -4 - 500655?
-500661
In base 12, what is 63233 - -30?
63263
In base 10, what is 49116 - -423?
49539
In base 6, what is 120 + 22151030?
22151150
In base 6, what is -143011501 - 5?
-143011510
In base 6, what is 3214 + -320130?
-312512
In base 13, what is -403b + -1?
-403c
In base 12, what is 2b + -33a1?
-3372
In base 4, what is -1032200113 - -3?
-1032200110
In base 2, what is 101 - -100111101001111111001111?
100111101001111111010100
In base 11, what is 7230799 + -5?
7230794
In base 15, what is -9365dd - 1a?
-936608
In base 13, what is 780c820 - -2?
780c822
In base 16, what is 7d8f2 + -17?
7d8db
In base 4, what is 1303 + 202103201?
202111110
In base 8, what is -162265375 - 5?
-162265402
In base 16, what is 2b0 + -1534?
-1284
In base 4, what is 1200 + 2202121011?
2202122211
In base 12, what is -4 - -2002b5b?
2002b57
In base 5, what is 10 + -112322043031?
-112322043021
In base 13, what is 4 + 2211190?
2211194
In base 6, what is 3 - 5504440321?
-5504440314
In base 12, what is -a8aa - 1260?
-bb4a
In base 3, what is -2022120200022021 + 12?
-2022120200022002
In base 16, what is -3 + 3dd7c4?
3dd7c1
In base 5, what is -1431 + -404143?
-411124
In base 3, what is -1 + -12100120021211?
-12100120021212
In base 8, what is 4 - -3433534?
3433540
In base 13, what is -13b + -60c70?
-610ab
In base 2, what is 110000000010111011100010011 + 11?
110000000010111011100010110
In base 13, what is 96 - -2990c54?
299101a
In base 5, what is 4 + -11121044?
-11121040
In base 4, what is -3333113202 - -21?
-3333113121
In base 3, what is -110111112211220 - 22002?
-110111120010222
In base 4, what is -211023221320 + -1?
-211023221321
In base 9, what is -5 - -81144836?
81144831
In base 6, what is 235 + 341503?
342142
In base 2, what is -10110001001 + 10011110011000?
10001000001111
In base 4, what is 2 - -13012201012?
13012201020
In base 5, what is 2 + 22424422111?
22424422113
In base 12, what is 1a1a1a3 + 3?
1a1a1a6
In base 3, what is -12 + -10200201211000?
-10200201211012
In base 11, what is 26776 - -147?
26912
In base 3, what is 1120101222 - 2?
1120101220
In base 15, what is -7c6a - -120a?
-6a60
In base 6, what is 4030241422 - -20?
4030241442
In base 5, what is -1300 + 321031?
314231
In base 10, what is 75 - -209683?
209758
In base 12, what is -5 + -1165711?
-1165716
In base 14, what is -221 - -a1916?
a16d5
In base 16, what is 170 - 49c1?
-4851
In base 3, what is -1000102021 - -1112022?
-221212222
In base 9, what is 108 + 1723227?
1723336
In base 6, what is 112125 + -10331?
101354
In base 7, what is 203 - -344563?
345066
In base 2, what is 1100110111 - 101110000100100110?
-101101110111101111
In base 5, what is -1 + -110441312?
-110441313
In base 12, what is 1a - 133b77?
-133b59
In base 7, what is -2442363 + -10?
-2442403
In base 16, what is -9f9043 - -c?
-9f9037
In base 7, what is 4 + -104535666?
-104535662
In base 5, what is -1332041242 + -4?
-1332041301
In base 14, what is -4 - -67158?
67154
In base 7, what is 435300330 - -3?
435300333
In base 15, what is 564 + -3b6?
19d
In base 3, what is -1011220101011 + -22?
-1011220101110
In base 14, what is -bda1 + 9a1?
-b400
In base 2, what is -11 + -10110011001010110110?
-10110011001010111001
In base 12, what is 48 + -4aa4a?
-4aa02
In base 2, what is -10000111001010 - -100010001100?
-1100100111110
In base 9, what is -5 + -134420646?
-134420652
In base 15, what is -42e + -a7b?
-eaa
In base 3, what is -10201200000212 - 0?
-10201200000212
In base 14, what is 1 + -783774c?
-783774b
In base 2, what is -1101 + -1011111010011111101001?
-1011111010011111110110
In base 16, what is -3d - 1ba6?
-1be3
In base 16, what is 3b49be - -51?
3b4a0f
In base 3, what is 1210 - -10010121012010?
10010121020220
In base 2, what is 1011010001011100110001 + 1?
1011010001011100110010
In base 6, what is -540 + 415145?
414205
In base 14, what is 80b - 142a7?
-1389a
In base 4, what is -12211231 + 3200?
-12202031
In base 14, what is 32345 + -1430?
30d15
In base 14, what is -dd + -52c334?
-52c433
In base 5, what is 340310102 - -1024?
340311131
In base 8, what is 47313 - -164345?
233660
In base 8, what is 746271 - 16?
746253
In base 12, what is 11ba73 - 0?
11ba73
In base 2, what is -101111001011101011 - 1110001011?
-101111011001110110
In base 14, what is -4 - -b62091?
b6208b
In base 2, what is -110110100100111000000011 + 0?
-110110100100111000000011
In base 8, what is 20722 - 10215?
10505
In base 3, what is 21010222020111 - -11?
21010222020122
In base 5, what is 13110341132 + 0?
13110341132
In base 9, what is -347442 - 3?
-347445
In base 8, what is -17 + -51202044?
-51202063
In base 2, what is 1 - -11000111010001000111?
11000111010001001000
In base 10, what is -301 - 113761?
-114062
In base 6, what is 4553 + 3550431?
3555424
In base 14, what is -15164 - 77a?
-15900
In base 4, what is 203032 + 100?
203132
In base 11, what is 256042 + 10?
256052
In base 9, what is 144 + -107778?
-107634
In base 16, what is -1 - -31afe8?
31afe7
In base 11, what is -148 + 119939?
1197a1
In base 13, what is -9 - -38ccca?
38ccc1
In base 14, what is 2051c3 + -4?
2051bd
In base 15, what is b7048b + 1?
b7048c
In base 13, what is -71 - -2a2a2?
2a231
In base 13, what is 2578 + -4?
2574
In base 12, what is 217b + 632?
27b1
In base 2, what is -11001110010111110111 - -1000?
-11001110010111101111
In base 9, what i